{"id":132,"date":"2018-01-12T08:02:15","date_gmt":"2018-01-12T08:02:15","guid":{"rendered":"http:\/\/bridge129.qodeinteractive.com\/?page_id=132"},"modified":"2023-05-19T19:35:53","modified_gmt":"2023-05-19T19:35:53","slug":"hakkimizda","status":"publish","type":"page","link":"https:\/\/alfaplusmakina.com\/?page_id=132","title":{"rendered":"Hakk\u0131m\u0131zda"},"content":{"rendered":"<p>[vc_row css_animation=&#8221;&#8221; row_type=&#8221;row&#8221; use_row_as_full_screen_section=&#8221;no&#8221; type=&#8221;grid&#8221; angled_section=&#8221;no&#8221; text_align=&#8221;left&#8221; background_image_as_pattern=&#8221;without_pattern&#8221; padding_top=&#8221;119&#8243; padding_bottom=&#8221;87&#8243; z_index=&#8221;&#8221; css=&#8221;.vc_custom_1684414417950{background-color: #ffffff !important;}&#8221;][vc_column offset=&#8221;vc_col-md-6&#8243;][vc_column_text]Alfa Plus Makina, elektrik g\u00fc\u00e7 \u00fcr\u00fcnleri ve \u00e7\u00f6z\u00fcmleri alan\u0131nda lider bir \u015firkettir. 2010 y\u0131l\u0131nda kurulan \u015firketimiz, enerji sekt\u00f6r\u00fcnde kaliteli hizmet sunarak m\u00fc\u015fterilerimize \u00e7\u00f6z\u00fcmler sa\u011flamay\u0131 hedeflemektedir. Amac\u0131m\u0131z, g\u00fc\u00e7 kesintileri, gerilim dalgalanmalar\u0131 ve enerji kalitesi gibi sorunlar\u0131 \u00e7\u00f6zmek i\u00e7in en son teknolojiyi kullanarak g\u00fcvenilir ve yenilik\u00e7i \u00fcr\u00fcnler sunmakt\u0131r.<\/p>\n<p>&nbsp;<\/p>\n<p>M\u00fc\u015fteri memnuniyeti ve kalite, i\u015fimizin temel ta\u015flar\u0131d\u0131r. M\u00fc\u015fterilerimizin ihtiya\u00e7lar\u0131n\u0131 anlamak ve onlara \u00f6zelle\u015ftirilmi\u015f \u00e7\u00f6z\u00fcmler sunmak i\u00e7in s\u00fcrekli olarak \u00e7al\u0131\u015f\u0131yoruz. Yenilik\u00e7i Ar-Ge \u00e7al\u0131\u015fmalar\u0131 ve teknolojik uzmanl\u0131kla, m\u00fc\u015fterilerimize en son elektrik g\u00fc\u00e7 \u00fcr\u00fcnleri ve \u00e7\u00f6z\u00fcmlerini sunuyoruz.<\/p>\n<p>&nbsp;<\/p>\n<p>Uzman kadromuz ve m\u00fchendislik yeteneklerimizle m\u00fc\u015fterilerimizin yan\u0131nda oluyoruz. Perkins, Cummins, Doosan, \u00c7ukurova gibi markalar\u0131n teknik destek, bak\u0131m hizmetleri ve sat\u0131\u015f sonras\u0131 destek gibi alanlarda m\u00fc\u015fterilerimize tam destek sa\u011fl\u0131yoruz. M\u00fc\u015fteri odakl\u0131 yakla\u015f\u0131m\u0131m\u0131zla, her zaman en iyi \u00e7\u00f6z\u00fcmleri sunmak i\u00e7in \u00e7al\u0131\u015f\u0131yoruz.<\/p>\n<p>&nbsp;<\/p>\n<p>Alfa Plus Makina, s\u00fcrd\u00fcr\u00fclebilirlik ve enerji verimlili\u011fi konular\u0131nda da \u00f6nc\u00fc bir rol oynamaktad\u0131r. Enerji tasarrufu ve \u00e7evresel etkileri en aza indirme konusunda m\u00fc\u015fterilerimize dan\u0131\u015fmanl\u0131k sa\u011fl\u0131yoruz. Daha ye\u015fil ve s\u00fcrd\u00fcr\u00fclebilir bir enerji gelece\u011fi i\u00e7in \u00e7abal\u0131yor ve m\u00fc\u015fterilerimize enerji maliyetlerini azaltmalar\u0131nda yard\u0131mc\u0131 oluyoruz.<\/p>\n<p>&nbsp;<\/p>\n<p>Bizimle \u00e7al\u0131\u015fan m\u00fc\u015fterilerimize te\u015fekk\u00fcr ederiz. Alfa Plus Makina olarak, sekt\u00f6rdeki liderli\u011fimizi s\u00fcrd\u00fcrmek ve m\u00fc\u015fterilerimize de\u011fer katmaya devam etmek i\u00e7in \u00e7abalar\u0131m\u0131z\u0131 s\u00fcrd\u00fcrece\u011fiz.[\/vc_column_text][vc_empty_space height=&#8221;36px&#8221;][\/vc_column][vc_column offset=&#8221;vc_col-md-6&#8243;][vc_single_image image=&#8221;264&#8243; img_size=&#8221;full&#8221; qode_css_animation=&#8221;&#8221;][vc_empty_space height=&#8221;30px&#8221;][\/vc_column][\/vc_row]<\/p>\n","protected":false},"excerpt":{"rendered":"<p>[vc_row css_animation=&#8221;&#8221; row_type=&#8221;row&#8221; use_row_as_full_screen_section=&#8221;no&#8221; type=&#8221;grid&#8221; angled_section=&#8221;no&#8221; text_align=&#8221;left&#8221; background_image_as_pattern=&#8221;without_pattern&#8221; padding_top=&#8221;119&#8243; padding_bottom=&#8221;87&#8243; z_index=&#8221;&#8221; css=&#8221;.vc_custom_1684414417950{background-color: #ffffff !important;}&#8221;][vc_column offset=&#8221;vc_col-md-6&#8243;][vc_column_text]Alfa Plus Makina, elektrik g\u00fc\u00e7 \u00fcr\u00fcnleri ve \u00e7\u00f6z\u00fcmleri alan\u0131nda lider bir \u015firkettir. 2010 y\u0131l\u0131nda kurulan \u015firketimiz, enerji sekt\u00f6r\u00fcnde kaliteli hizmet sunarak m\u00fc\u015fterilerimize \u00e7\u00f6z\u00fcmler sa\u011flamay\u0131 hedeflemektedir. Amac\u0131m\u0131z, g\u00fc\u00e7 kesintileri, gerilim dalgalanmalar\u0131 ve&#8230;<\/p>\n","protected":false},"author":1,"featured_media":0,"parent":0,"menu_order":0,"comment_status":"closed","ping_status":"closed","template":"full_width.php","meta":{"footnotes":""},"class_list":["post-132","page","type-page","status-publish","hentry"],"_links":{"self":[{"href":"https:\/\/alfaplusmakina.com\/index.php?rest_route=\/wp\/v2\/pages\/132","targetHints":{"allow":["GET"]}}],"collection":[{"href":"https:\/\/alfaplusmakina.com\/index.php?rest_route=\/wp\/v2\/pages"}],"about":[{"href":"https:\/\/alfaplusmakina.com\/index.php?rest_route=\/wp\/v2\/types\/page"}],"author":[{"embeddable":true,"href":"https:\/\/alfaplusmakina.com\/index.php?rest_route=\/wp\/v2\/users\/1"}],"replies":[{"embeddable":true,"href":"https:\/\/alfaplusmakina.com\/index.php?rest_route=%2Fwp%2Fv2%2Fcomments&post=132"}],"version-history":[{"count":7,"href":"https:\/\/alfaplusmakina.com\/index.php?rest_route=\/wp\/v2\/pages\/132\/revisions"}],"predecessor-version":[{"id":270,"href":"https:\/\/alfaplusmakina.com\/index.php?rest_route=\/wp\/v2\/pages\/132\/revisions\/270"}],"wp:attachment":[{"href":"https:\/\/alfaplusmakina.com\/index.php?rest_route=%2Fwp%2Fv2%2Fmedia&parent=132"}],"curies":[{"name":"wp","href":"https:\/\/api.w.org\/{rel}","templated":true}]}}